Last updated on 2025-05-07 05:50:29 CEST.
Flavor | Version | Tinstall | Tcheck | Ttotal | Status | Flags |
---|---|---|---|---|---|---|
r-devel-linux-x86_64-debian-clang | 1.5.2 | 14.94 | 89.91 | 104.85 | NOTE | |
r-devel-linux-x86_64-debian-gcc | 1.5.2 | 9.01 | 62.82 | 71.83 | NOTE | |
r-devel-linux-x86_64-fedora-clang | 1.5.2 | 169.16 | OK | |||
r-devel-linux-x86_64-fedora-gcc | 1.5.2 | 156.78 | OK | |||
r-devel-windows-x86_64 | 1.5.2 | 15.00 | 92.00 | 107.00 | OK | |
r-patched-linux-x86_64 | 1.5.2 | 14.74 | 85.20 | 99.94 | OK | |
r-release-linux-x86_64 | 1.5.2 | 13.26 | 82.91 | 96.17 | OK | |
r-release-macos-arm64 | 1.5.2 | 51.00 | OK | |||
r-release-macos-x86_64 | 1.5.2 | 112.00 | OK | |||
r-release-windows-x86_64 | 1.5.2 | 15.00 | 91.00 | 106.00 | OK | |
r-oldrel-macos-arm64 | 1.5.2 | 46.00 | OK | |||
r-oldrel-macos-x86_64 | 1.5.2 | 86.00 | OK | |||
r-oldrel-windows-x86_64 | 1.5.2 | 20.00 | 113.00 | 133.00 | OK |
Version: 1.5.2
Check: CRAN incoming feasibility
Result: NOTE
Maintainer: ‘Nicolas Dumoulin <nicolas.dumoulin@inrae.fr>’
No Authors@R field in DESCRIPTION.
Please add one, modifying
Authors@R: c(person(given = "Franck",
family = "Jabot",
role = "aut"),
person(given = "Thierry",
family = "Faure",
role = "aut"),
person(given = "Nicolas",
family = "Dumoulin",
role = c("aut", "cre"),
email = "nicolas.dumoulin@inrae.fr"),
person(given = "Carlo",
family = "Albert.",
role = "aut"))
as necessary.
Flavors: r-devel-linux-x86_64-debian-clang, r-devel-linux-x86_64-debian-gcc