CRAN Package Check Results for Package ECharts2Shiny

Last updated on 2025-05-07 05:50:29 CEST.

Flavor Version Tinstall Tcheck Ttotal Status Flags
r-devel-linux-x86_64-debian-clang 0.2.13 4.03 36.81 40.84 OK
r-devel-linux-x86_64-debian-gcc 0.2.13 3.10 28.51 31.61 OK
r-devel-linux-x86_64-fedora-clang 0.2.13 67.82 OK
r-devel-linux-x86_64-fedora-gcc 0.2.13 75.36 OK
r-devel-windows-x86_64 0.2.13 5.00 58.00 63.00 OK
r-patched-linux-x86_64 0.2.13 4.47 35.24 39.71 OK
r-release-linux-x86_64 0.2.13 4.34 35.58 39.92 OK
r-release-macos-arm64 0.2.13 40.00 OK
r-release-macos-x86_64 0.2.13 57.00 OK
r-release-windows-x86_64 0.2.13 6.00 58.00 64.00 OK
r-oldrel-macos-arm64 0.2.13 31.00 NOTE
r-oldrel-macos-x86_64 0.2.13 42.00 NOTE
r-oldrel-windows-x86_64 0.2.13 7.00 66.00 73.00 NOTE

Check Details

Version: 0.2.13
Check: LazyData
Result: NOTE 'LazyData' is specified without a 'data' directory Flavors: r-oldrel-macos-arm64, r-oldrel-macos-x86_64, r-oldrel-windows-x86_64