Last updated on 2025-05-08 05:51:46 CEST.
Flavor | Version | Tinstall | Tcheck | Ttotal | Status | Flags |
---|---|---|---|---|---|---|
r-devel-linux-x86_64-debian-clang | 0.1.2 | 5.72 | 57.19 | 62.91 | NOTE | |
r-devel-linux-x86_64-debian-gcc | 0.1.2 | 5.29 | 43.76 | 49.05 | NOTE | |
r-devel-linux-x86_64-fedora-clang | 0.1.2 | 101.43 | OK | |||
r-devel-linux-x86_64-fedora-gcc | 0.1.2 | 98.50 | OK | |||
r-devel-windows-x86_64 | 0.1.2 | 9.00 | 73.00 | 82.00 | OK | |
r-patched-linux-x86_64 | 0.1.2 | 6.01 | 55.55 | 61.56 | OK | |
r-release-linux-x86_64 | 0.1.2 | 5.54 | 55.47 | 61.01 | OK | |
r-release-macos-arm64 | 0.1.2 | 35.00 | OK | |||
r-release-macos-x86_64 | 0.1.2 | 52.00 | OK | |||
r-release-windows-x86_64 | 0.1.2 | 8.00 | 76.00 | 84.00 | OK | |
r-oldrel-macos-arm64 | 0.1.2 | 30.00 | NOTE | |||
r-oldrel-macos-x86_64 | 0.1.2 | 43.00 | NOTE | |||
r-oldrel-windows-x86_64 | 0.1.2 | 7.00 | 84.00 | 91.00 | NOTE |
Version: 0.1.2
Check: CRAN incoming feasibility
Result: NOTE
Maintainer: ‘Matthias Bogaert <Matthias.Bogaert@UGent.Be>’
No Authors@R field in DESCRIPTION.
Please add one, modifying
Authors@R: person(given = "Matthias",
family = "Bogaert",
role = c("aut", "cre"),
email = "matthias.bogaert@ugent.be")
as necessary.
Flavors: r-devel-linux-x86_64-debian-clang, r-devel-linux-x86_64-debian-gcc
Version: 0.1.2
Check: LazyData
Result: NOTE
'LazyData' is specified without a 'data' directory
Flavors: r-oldrel-macos-arm64, r-oldrel-macos-x86_64, r-oldrel-windows-x86_64