Last updated on 2025-05-08 05:51:47 CEST.
Flavor | Version | Tinstall | Tcheck | Ttotal | Status | Flags |
---|---|---|---|---|---|---|
r-devel-linux-x86_64-debian-clang | 2.0.2 | 1.93 | 26.08 | 28.01 | NOTE | |
r-devel-linux-x86_64-debian-gcc | 2.0.2 | 1.54 | 21.11 | 22.65 | NOTE | |
r-devel-linux-x86_64-fedora-clang | 2.0.2 | 43.50 | OK | |||
r-devel-linux-x86_64-fedora-gcc | 2.0.2 | 42.08 | OK | |||
r-devel-windows-x86_64 | 2.0.2 | 3.00 | 49.00 | 52.00 | OK | |
r-patched-linux-x86_64 | 2.0.2 | 2.15 | 27.09 | 29.24 | OK | |
r-release-linux-x86_64 | 2.0.2 | 1.71 | 27.03 | 28.74 | OK | |
r-release-macos-arm64 | 2.0.2 | 22.00 | OK | |||
r-release-macos-x86_64 | 2.0.2 | 34.00 | OK | |||
r-release-windows-x86_64 | 2.0.2 | 4.00 | 50.00 | 54.00 | OK | |
r-oldrel-macos-arm64 | 2.0.2 | 19.00 | OK | |||
r-oldrel-macos-x86_64 | 2.0.2 | 28.00 | OK | |||
r-oldrel-windows-x86_64 | 2.0.2 | 3.00 | 54.00 | 57.00 | OK |
Version: 2.0.2
Check: CRAN incoming feasibility
Result: NOTE
Maintainer: ‘Hamed Haseli Mashhadi <hamedhaseli@gmail.com>’
No Authors@R field in DESCRIPTION.
Please add one, modifying
Authors@R: person(given = c("Hamed", "Haseli"),
family = "Mashhadi",
role = c("aut", "cre"),
email = "hamedhaseli@gmail.com")
as necessary.
Flavors: r-devel-linux-x86_64-debian-clang, r-devel-linux-x86_64-debian-gcc