Last updated on 2025-05-07 05:50:27 CEST.
Flavor | Version | Tinstall | Tcheck | Ttotal | Status | Flags |
---|---|---|---|---|---|---|
r-devel-linux-x86_64-debian-clang | 1.0.0 | 1.79 | 30.51 | 32.30 | NOTE | |
r-devel-linux-x86_64-debian-gcc | 1.0.0 | 1.50 | 25.22 | 26.72 | NOTE | |
r-devel-linux-x86_64-fedora-clang | 1.0.0 | 50.69 | NOTE | |||
r-devel-linux-x86_64-fedora-gcc | 1.0.0 | 62.60 | NOTE | |||
r-devel-windows-x86_64 | 1.0.0 | 4.00 | 51.00 | 55.00 | NOTE | |
r-patched-linux-x86_64 | 1.0.0 | 2.13 | 28.30 | 30.43 | NOTE | |
r-release-linux-x86_64 | 1.0.0 | 2.02 | 28.47 | 30.49 | NOTE | |
r-release-macos-arm64 | 1.0.0 | 34.00 | NOTE | |||
r-release-macos-x86_64 | 1.0.0 | 45.00 | NOTE | |||
r-release-windows-x86_64 | 1.0.0 | 5.00 | 52.00 | 57.00 | NOTE | |
r-oldrel-macos-arm64 | 1.0.0 | 27.00 | OK | |||
r-oldrel-macos-x86_64 | 1.0.0 | 43.00 | OK | |||
r-oldrel-windows-x86_64 | 1.0.0 | 5.00 | 61.00 | 66.00 | OK |
Version: 1.0.0
Check: DESCRIPTION meta-information
Result: NOTE
Missing dependency on R >= 4.1.0 because package code uses the pipe
|> or function shorthand \(...) syntax added in R 4.1.0.
File(s) using such syntax:
‘plot_curriculum_graph.R’
Flavors: r-devel-linux-x86_64-debian-clang, r-devel-linux-x86_64-debian-gcc, r-devel-linux-x86_64-fedora-clang, r-devel-linux-x86_64-fedora-gcc, r-devel-windows-x86_64, r-patched-linux-x86_64, r-release-linux-x86_64, r-release-macos-arm64, r-release-macos-x86_64, r-release-windows-x86_64