CRAN Package Check Results for Package CsChange

Last updated on 2025-10-12 05:49:52 CEST.

Flavor Version Tinstall Tcheck Ttotal Status Flags
r-devel-linux-x86_64-debian-clang 0.1.7 12.86 102.86 115.72 NOTE
r-devel-linux-x86_64-debian-gcc 0.1.7 10.39 72.81 83.20 NOTE
r-devel-linux-x86_64-fedora-clang 0.1.7 167.78 OK
r-devel-linux-x86_64-fedora-gcc 0.1.7 174.51 OK
r-devel-windows-x86_64 0.1.7 14.00 100.00 114.00 OK
r-patched-linux-x86_64 0.1.7 9.34 94.98 104.32 OK
r-release-linux-x86_64 0.1.7 12.19 95.55 107.74 OK
r-release-macos-arm64 0.1.7 46.00 OK
r-release-macos-x86_64 0.1.7 90.00 OK
r-release-windows-x86_64 0.1.7 14.00 102.00 116.00 OK
r-oldrel-macos-arm64 0.1.7 45.00 OK
r-oldrel-macos-x86_64 0.1.7 65.00 OK
r-oldrel-windows-x86_64 0.1.7 18.00 127.00 145.00 OK

Check Details

Version: 0.1.7
Check: CRAN incoming feasibility
Result: NOTE Maintainer: ‘Zhicheng Du<dgdzc@hotmail.com>’ No Authors@R field in DESCRIPTION. Please add one, modifying Authors@R: c(person(given = "Zhicheng", family = "Du", role = c("aut", "cre"), email = "dgdzc@hotmail.com"), person(given = "Yuantao", family = "Hao", role = "aut")) as necessary. Flavors: r-devel-linux-x86_64-debian-clang, r-devel-linux-x86_64-debian-gcc