Last updated on 2025-05-08 05:51:45 CEST.
Flavor | Version | Tinstall | Tcheck | Ttotal | Status | Flags |
---|---|---|---|---|---|---|
r-devel-linux-x86_64-debian-clang | 1.2.0 | 27.96 | 87.27 | 115.23 | NOTE | |
r-devel-linux-x86_64-debian-gcc | 1.2.0 | 21.41 | 62.65 | 84.06 | NOTE | |
r-devel-linux-x86_64-fedora-clang | 1.2.0 | 182.55 | OK | |||
r-devel-linux-x86_64-fedora-gcc | 1.2.0 | 186.06 | OK | |||
r-devel-windows-x86_64 | 1.2.0 | 40.00 | 107.00 | 147.00 | NOTE | |
r-patched-linux-x86_64 | 1.2.0 | 30.41 | 81.76 | 112.17 | NOTE | |
r-release-linux-x86_64 | 1.2.0 | 28.20 | 82.29 | 110.49 | NOTE | |
r-release-macos-arm64 | 1.2.0 | 51.00 | OK | |||
r-release-macos-x86_64 | 1.2.0 | 86.00 | OK | |||
r-release-windows-x86_64 | 1.2.0 | 39.00 | 112.00 | 151.00 | NOTE | |
r-oldrel-macos-arm64 | 1.2.0 | 50.00 | OK | |||
r-oldrel-macos-x86_64 | 1.2.0 | 72.00 | OK | |||
r-oldrel-windows-x86_64 | 1.2.0 | 46.00 | 138.00 | 184.00 | OK |
Version: 1.2.0
Check: Rd cross-references
Result: NOTE
Found the following Rd file(s) with Rd \link{} targets missing package
anchors:
clusvisMixmod.Rd: MixmodCluster-class
clusvisVarSelLCM.Rd: VSLCMresults-class
Please provide package anchors for all Rd \link{} targets not in the
package itself and the base packages.
Flavors: r-devel-linux-x86_64-debian-clang, r-devel-linux-x86_64-debian-gcc, r-devel-windows-x86_64, r-patched-linux-x86_64, r-release-linux-x86_64, r-release-windows-x86_64