Last updated on 2025-05-08 05:51:44 CEST.
Flavor | Version | Tinstall | Tcheck | Ttotal | Status | Flags |
---|---|---|---|---|---|---|
r-devel-linux-x86_64-debian-clang | 1.3.0 | 12.84 | 143.58 | 156.42 | NOTE | |
r-devel-linux-x86_64-debian-gcc | 1.3.0 | 8.00 | 94.54 | 102.54 | NOTE | |
r-devel-linux-x86_64-fedora-clang | 1.3.0 | 227.47 | NOTE | |||
r-devel-linux-x86_64-fedora-gcc | 1.3.0 | 240.36 | NOTE | |||
r-devel-windows-x86_64 | 1.3.0 | 13.00 | 148.00 | 161.00 | OK | |
r-patched-linux-x86_64 | 1.3.0 | 11.44 | 133.88 | 145.32 | NOTE | |
r-release-linux-x86_64 | 1.3.0 | 11.78 | 133.51 | 145.29 | NOTE | |
r-release-macos-arm64 | 1.3.0 | 72.00 | OK | |||
r-release-macos-x86_64 | 1.3.0 | 136.00 | OK | |||
r-release-windows-x86_64 | 1.3.0 | 13.00 | 153.00 | 166.00 | OK | |
r-oldrel-macos-arm64 | 1.3.0 | 67.00 | OK | |||
r-oldrel-macos-x86_64 | 1.3.0 | 102.00 | OK | |||
r-oldrel-windows-x86_64 | 1.3.0 | 17.00 | 175.00 | 192.00 | OK |
Version: 1.3.0
Check: CRAN incoming feasibility
Result: NOTE
Maintainer: ‘Yuchao Jiang <yuchaoj@email.unc.edu>’
No Authors@R field in DESCRIPTION.
Please add one, modifying
Authors@R: c(person(given = "Yuchao",
family = "Jiang",
role = c("aut", "cre"),
email = "yuchaoj@email.unc.edu"),
person(given = c("Nancy", "R."),
family = "Zhang",
role = "aut"))
as necessary.
Flavors: r-devel-linux-x86_64-debian-clang, r-devel-linux-x86_64-debian-gcc
Version: 1.3.0
Check: for non-standard things in the check directory
Result: NOTE
Found the following files/directories:
‘MDA231_tree.pdf’
Flavors: r-devel-linux-x86_64-debian-clang, r-devel-linux-x86_64-debian-gcc, r-devel-linux-x86_64-fedora-clang, r-devel-linux-x86_64-fedora-gcc, r-patched-linux-x86_64, r-release-linux-x86_64