Last updated on 2025-05-08 05:51:46 CEST.
Flavor | Version | Tinstall | Tcheck | Ttotal | Status | Flags |
---|---|---|---|---|---|---|
r-devel-linux-x86_64-debian-clang | 0.2-3 | 8.33 | 78.57 | 86.90 | NOTE | |
r-devel-linux-x86_64-debian-gcc | 0.2-3 | 5.61 | 54.68 | 60.29 | NOTE | |
r-devel-linux-x86_64-fedora-clang | 0.2-3 | 133.16 | OK | |||
r-devel-linux-x86_64-fedora-gcc | 0.2-3 | 127.19 | OK | |||
r-devel-windows-x86_64 | 0.2-3 | 9.00 | 84.00 | 93.00 | OK | |
r-patched-linux-x86_64 | 0.2-3 | 8.25 | 73.16 | 81.41 | OK | |
r-release-linux-x86_64 | 0.2-3 | 8.80 | 72.80 | 81.60 | OK | |
r-release-macos-arm64 | 0.2-3 | 38.00 | OK | |||
r-release-macos-x86_64 | 0.2-3 | 74.00 | OK | |||
r-release-windows-x86_64 | 0.2-3 | 9.00 | 85.00 | 94.00 | OK | |
r-oldrel-macos-arm64 | 0.2-3 | 35.00 | OK | |||
r-oldrel-macos-x86_64 | 0.2-3 | 56.00 | OK | |||
r-oldrel-windows-x86_64 | 0.2-3 | 11.00 | 102.00 | 113.00 | OK |
Version: 0.2-3
Check: CRAN incoming feasibility
Result: NOTE
Maintainer: ‘Tammo Krueger <tammokrueger@googlemail.com>’
No Authors@R field in DESCRIPTION.
Please add one, modifying
Authors@R: c(person(given = "Tammo",
family = "Krueger",
role = c("aut", "cre"),
email = "tammokrueger@googlemail.com"),
person(given = "Mikio",
family = "Braun",
role = "aut"))
as necessary.
Flavors: r-devel-linux-x86_64-debian-clang, r-devel-linux-x86_64-debian-gcc