Last updated on 2025-05-07 05:50:26 CEST.
Flavor | Version | Tinstall | Tcheck | Ttotal | Status | Flags |
---|---|---|---|---|---|---|
r-devel-linux-x86_64-debian-clang | 8.2-6 | 107.78 | 146.39 | 254.17 | NOTE | |
r-devel-linux-x86_64-debian-gcc | 8.2-6 | 72.89 | 91.06 | 163.95 | NOTE | |
r-devel-linux-x86_64-fedora-clang | 8.2-6 | 476.90 | NOTE | |||
r-devel-linux-x86_64-fedora-gcc | 8.2-6 | 440.40 | NOTE | |||
r-devel-windows-x86_64 | 8.2-6 | 122.00 | 183.00 | 305.00 | NOTE | |
r-patched-linux-x86_64 | 8.2-6 | 105.84 | 135.70 | 241.54 | NOTE | |
r-release-linux-x86_64 | 8.2-6 | 98.83 | 137.50 | 236.33 | NOTE | |
r-release-macos-arm64 | 8.2-6 | 101.00 | NOTE | |||
r-release-macos-x86_64 | 8.2-6 | 197.00 | NOTE | |||
r-release-windows-x86_64 | 8.2-6 | 121.00 | 183.00 | 304.00 | NOTE | |
r-oldrel-macos-arm64 | 8.2-6 | 151.00 | NOTE | |||
r-oldrel-macos-x86_64 | 8.2-6 | 132.00 | NOTE | |||
r-oldrel-windows-x86_64 | 8.2-6 | 142.00 | 221.00 | 363.00 | NOTE |
Version: 8.2-6
Check: CRAN incoming feasibility
Result: NOTE
Maintainer: ‘Alexander Robitzsch <robitzsch@ipn.uni-kiel.de>’
No Authors@R field in DESCRIPTION.
Please add one, modifying
Authors@R: c(person(given = "Alexander",
family = "Robitzsch",
role = c("aut", "cre"),
email = "robitzsch@ipn.uni-kiel.de"),
person(given = "Thomas",
family = "Kiefer",
role = "aut"),
person(given = c("Ann", "Cathrice"),
family = "George",
role = "aut"),
person(given = "Ali",
family = "Uenlue",
role = "aut"))
as necessary.
Package CITATION file contains call(s) to old-style citEntry(). Please
use bibentry() instead.
Flavors: r-devel-linux-x86_64-debian-clang, r-devel-linux-x86_64-debian-gcc
Version: 8.2-6
Check: Rd files
Result: NOTE
checkRd: (-1) data.dtmr.Rd:57: Lost braces; missing escapes or markup?
57 | \code{RU}: {Referent units}
| ^
checkRd: (-1) data.dtmr.Rd:59: Lost braces; missing escapes or markup?
59 | \code{PI}: {Partitioning and iterating attribute}
| ^
checkRd: (-1) data.dtmr.Rd:61: Lost braces; missing escapes or markup?
61 | \code{APP}: {Appropriateness attribute}
| ^
checkRd: (-1) data.dtmr.Rd:63: Lost braces; missing escapes or markup?
63 | \code{MC}: {Multiplicative Comparison attribute}
| ^
Flavors: r-devel-linux-x86_64-debian-clang, r-devel-linux-x86_64-debian-gcc, r-devel-linux-x86_64-fedora-clang, r-devel-linux-x86_64-fedora-gcc, r-devel-windows-x86_64, r-patched-linux-x86_64, r-release-linux-x86_64, r-release-macos-arm64, r-release-macos-x86_64, r-release-windows-x86_64, r-oldrel-macos-arm64, r-oldrel-macos-x86_64, r-oldrel-windows-x86_64
Version: 8.2-6
Check: installed package size
Result: NOTE
installed size is 6.1Mb
sub-directories of 1Mb or more:
data 1.3Mb
libs 3.3Mb
Flavors: r-oldrel-macos-arm64, r-oldrel-macos-x86_64