Last updated on 2025-05-07 05:50:25 CEST.
Flavor | Version | Tinstall | Tcheck | Ttotal | Status | Flags |
---|---|---|---|---|---|---|
r-devel-linux-x86_64-debian-clang | 2.2.0 | 3.62 | 401.07 | 404.69 | OK | |
r-devel-linux-x86_64-debian-gcc | 2.2.0 | 2.75 | 272.76 | 275.51 | OK | |
r-devel-linux-x86_64-fedora-clang | 2.2.0 | 633.17 | OK | |||
r-devel-linux-x86_64-fedora-gcc | 2.2.0 | 626.94 | OK | |||
r-devel-windows-x86_64 | 2.2.0 | 6.00 | 348.00 | 354.00 | OK | |
r-patched-linux-x86_64 | 2.2.0 | 4.48 | 377.59 | 382.07 | OK | |
r-release-linux-x86_64 | 2.2.0 | 3.84 | 377.93 | 381.77 | OK | |
r-release-macos-arm64 | 2.2.0 | 148.00 | OK | |||
r-release-macos-x86_64 | 2.2.0 | 277.00 | OK | |||
r-release-windows-x86_64 | 2.2.0 | 6.00 | 333.00 | 339.00 | ERROR | |
r-oldrel-macos-arm64 | 2.2.0 | 130.00 | OK | |||
r-oldrel-macos-x86_64 | 2.2.0 | 258.00 | OK | |||
r-oldrel-windows-x86_64 | 2.2.0 | 7.00 | 470.00 | 477.00 | OK |
Version: 2.2.0
Check: examples
Result: ERROR
Running examples in 'BoundaryStats-Ex.R' failed
The error most likely occurred in:
> ### Name: mod_random_clust_sim
> ### Title: Modified random cluster neutral landscape model
> ### Aliases: mod_random_clust_sim
>
> ### ** Examples
>
> data(grassland)
> grassland <- terra::rast(grassland_matrix, crs = grassland_crs)
Flavor: r-release-windows-x86_64