Last updated on 2025-05-08 05:51:43 CEST.
Flavor | Version | Tinstall | Tcheck | Ttotal | Status | Flags |
---|---|---|---|---|---|---|
r-devel-linux-x86_64-debian-clang | 1.0.1 | 1.93 | 31.81 | 33.74 | NOTE | |
r-devel-linux-x86_64-debian-gcc | 1.0.1 | 1.47 | 22.34 | 23.81 | NOTE | |
r-devel-linux-x86_64-fedora-clang | 1.0.1 | 55.30 | NOTE | |||
r-devel-linux-x86_64-fedora-gcc | 1.0.1 | 59.69 | NOTE | |||
r-devel-windows-x86_64 | 1.0.1 | 4.00 | 49.00 | 53.00 | NOTE | |
r-patched-linux-x86_64 | 1.0.1 | 1.92 | 30.65 | 32.57 | NOTE | |
r-release-linux-x86_64 | 1.0.1 | 2.08 | 30.47 | 32.55 | NOTE | |
r-release-macos-arm64 | 1.0.1 | 21.00 | NOTE | |||
r-release-macos-x86_64 | 1.0.1 | 39.00 | NOTE | |||
r-release-windows-x86_64 | 1.0.1 | 4.00 | 53.00 | 57.00 | NOTE | |
r-oldrel-macos-arm64 | 1.0.1 | 25.00 | NOTE | |||
r-oldrel-macos-x86_64 | 1.0.1 | 28.00 | NOTE | |||
r-oldrel-windows-x86_64 | 1.0.1 | 3.00 | 58.00 | 61.00 | NOTE |
Version: 1.0.1
Check: CRAN incoming feasibility
Result: NOTE
Maintainer: ‘Alexia Jolicoeur-Martineau <alexia.jolicoeur-martineau@mail.mcgill.ca>’
No Authors@R field in DESCRIPTION.
Please add one, modifying
Authors@R: person(given = "Alexia",
family = "Jolicoeur-Martineau",
role = c("aut", "cre"),
email = "alexia.jolicoeur-martineau@mail.mcgill.ca")
as necessary.
Flavors: r-devel-linux-x86_64-debian-clang, r-devel-linux-x86_64-debian-gcc
Version: 1.0.1
Check: Rd files
Result: NOTE
checkRd: (-1) BayesTreePrior.Rd:38: Lost braces in \itemize; meant \describe ?
checkRd: (-1) BayesTreePrior.Rd:39: Lost braces in \itemize; meant \describe ?
checkRd: (-1) BayesTreePrior.Rd:40: Lost braces in \itemize; meant \describe ?
checkRd: (-1) BayesTreePrior.Rd:41: Lost braces in \itemize; meant \describe ?
Flavors: r-devel-linux-x86_64-debian-clang, r-devel-linux-x86_64-debian-gcc, r-devel-linux-x86_64-fedora-clang, r-devel-linux-x86_64-fedora-gcc, r-devel-windows-x86_64, r-patched-linux-x86_64, r-release-linux-x86_64, r-release-macos-arm64, r-release-macos-x86_64, r-release-windows-x86_64, r-oldrel-macos-arm64, r-oldrel-macos-x86_64, r-oldrel-windows-x86_64