CRAN Package Check Results for Package BayesMortalityPlus

Last updated on 2025-05-08 05:51:43 CEST.

Flavor Version Tinstall Tcheck Ttotal Status Flags
r-devel-linux-x86_64-debian-clang 0.2.4 12.91 134.79 147.70 NOTE
r-devel-linux-x86_64-debian-gcc 0.2.4 9.42 84.77 94.19 NOTE
r-devel-linux-x86_64-fedora-clang 0.2.4 229.93 OK
r-devel-linux-x86_64-fedora-gcc 0.2.4 244.37 OK
r-devel-windows-x86_64 0.2.4 15.00 137.00 152.00 OK
r-patched-linux-x86_64 0.2.4 13.90 127.09 140.99 OK
r-release-linux-x86_64 0.2.4 12.88 124.87 137.75 OK
r-release-macos-arm64 0.2.4 59.00 OK
r-release-macos-x86_64 0.2.4 193.00 OK
r-release-windows-x86_64 0.2.4 15.00 143.00 158.00 OK
r-oldrel-macos-arm64 0.2.4 53.00 OK
r-oldrel-macos-x86_64 0.2.4 119.00 OK
r-oldrel-windows-x86_64 0.2.4 20.00 186.00 206.00 OK

Check Details

Version: 0.2.4
Check: CRAN incoming feasibility
Result: NOTE Maintainer: ‘Luiz Fernando Figueiredo <labmapackage@gmail.com>’ No Authors@R field in DESCRIPTION. Please add one, modifying Authors@R: c(person(given = c("Laboratorio", "de", "Matematica"), family = "Aplicada", role = "aut", comment = "IM/UFRJ"), person(given = c("Luiz", "Fernando"), family = "Figueiredo", role = "cre", email = "labmapackage@gmail.com")) as necessary. Flavors: r-devel-linux-x86_64-debian-clang, r-devel-linux-x86_64-debian-gcc