Last updated on 2025-05-08 05:51:43 CEST.
Flavor | Version | Tinstall | Tcheck | Ttotal | Status | Flags |
---|---|---|---|---|---|---|
r-devel-linux-x86_64-debian-clang | 1.1.0 | 6.72 | 37.17 | 43.89 | OK | |
r-devel-linux-x86_64-debian-gcc | 1.1.0 | 4.33 | 27.60 | 31.93 | OK | |
r-devel-linux-x86_64-fedora-clang | 1.1.0 | 71.38 | OK | |||
r-devel-linux-x86_64-fedora-gcc | 1.1.0 | 76.51 | OK | |||
r-devel-windows-x86_64 | 1.1.0 | 10.00 | 65.00 | 75.00 | NOTE | |
r-patched-linux-x86_64 | 1.1.0 | 5.82 | 37.12 | 42.94 | OK | |
r-release-linux-x86_64 | 1.1.0 | 6.11 | 37.51 | 43.62 | OK | |
r-release-macos-arm64 | 1.1.0 | 29.00 | OK | |||
r-release-macos-x86_64 | 1.1.0 | 53.00 | OK | |||
r-release-windows-x86_64 | 1.1.0 | 10.00 | 69.00 | 79.00 | NOTE | |
r-oldrel-macos-arm64 | 1.1.0 | 30.00 | OK | |||
r-oldrel-macos-x86_64 | 1.1.0 | 38.00 | OK | |||
r-oldrel-windows-x86_64 | 1.1.0 | 10.00 | 78.00 | 88.00 | NOTE |
Version: 1.1.0
Check: C++ specification
Result: NOTE
Specified C++11: please drop specification unless essential
Flavors: r-devel-windows-x86_64, r-release-windows-x86_64, r-oldrel-windows-x86_64