CRAN Package Check Results for Package BSPBSS

Last updated on 2025-10-12 05:49:50 CEST.

Flavor Version Tinstall Tcheck Ttotal Status Flags
r-devel-linux-x86_64-debian-clang 1.0.5 34.91 148.36 183.27 WARN
r-devel-linux-x86_64-debian-gcc 1.0.5 24.34 105.67 130.01 WARN
r-devel-linux-x86_64-fedora-clang 1.0.5 295.32 NOTE
r-devel-linux-x86_64-fedora-gcc 1.0.5 297.66 NOTE
r-devel-windows-x86_64 1.0.5 40.00 150.00 190.00 NOTE
r-patched-linux-x86_64 1.0.5 36.62 140.44 177.06 NOTE
r-release-linux-x86_64 1.0.5 35.22 140.25 175.47 NOTE
r-release-macos-arm64 1.0.5 101.00 NOTE
r-release-macos-x86_64 1.0.5 162.00 NOTE
r-release-windows-x86_64 1.0.5 44.00 150.00 194.00 NOTE
r-oldrel-macos-arm64 1.0.5 87.00 NOTE
r-oldrel-macos-x86_64 1.0.5 137.00 NOTE
r-oldrel-windows-x86_64 1.0.5 53.00 194.00 247.00 NOTE

Check Details

Version: 1.0.5
Check: whether package can be installed
Result: WARN Found the following significant warnings: /home/hornik/tmp/R.check/r-devel-clang/Work/build/Packages/RcppArmadillo/include/RcppArmadillo/version/arma.h:66:17: warning: Using fallback compilation with Armadillo 14.6.3. Please consider defining -DARMA_USE_CURRENT and also removing C++11 compilation directive. See GitHub issue #475 for more. [-W#pragma-messages] See ‘/home/hornik/tmp/R.check/r-devel-clang/Work/PKGS/BSPBSS.Rcheck/00install.out’ for details. * used C++ compiler: ‘Debian clang version 19.1.7 (7)’ Flavor: r-devel-linux-x86_64-debian-clang

Version: 1.0.5
Check: C++ specification
Result: NOTE Specified C++11: please drop specification unless essential Flavors: r-devel-linux-x86_64-debian-clang, r-devel-linux-x86_64-debian-gcc, r-devel-linux-x86_64-fedora-clang, r-devel-linux-x86_64-fedora-gcc, r-devel-windows-x86_64, r-patched-linux-x86_64, r-release-linux-x86_64, r-release-macos-arm64, r-release-macos-x86_64, r-release-windows-x86_64, r-oldrel-macos-arm64, r-oldrel-macos-x86_64, r-oldrel-windows-x86_64

Version: 1.0.5
Check: whether package can be installed
Result: WARN Found the following significant warnings: /home/hornik/tmp/R.check/r-devel-gcc/Work/build/Packages/RcppArmadillo/include/RcppArmadillo/version/arma.h:66:199: note: ‘#pragma message: Using fallback compilation with Armadillo 14.6.3. Please consider defining -DARMA_USE_CURRENT and also removing C++11 compilation directive. See GitHub issue #475 for more.’ See ‘/home/hornik/tmp/R.check/r-devel-gcc/Work/PKGS/BSPBSS.Rcheck/00install.out’ for details. * used C++ compiler: ‘g++-15 (Debian 15.2.0-4) 15.2.0’ Flavor: r-devel-linux-x86_64-debian-gcc

Version: 1.0.5
Check: for GNU extensions in Makefiles
Result: NOTE GNU make is a SystemRequirements. Flavors: r-oldrel-macos-arm64, r-oldrel-macos-x86_64, r-oldrel-windows-x86_64