Last updated on 2025-05-08 05:51:44 CEST.
Flavor | Version | Tinstall | Tcheck | Ttotal | Status | Flags |
---|---|---|---|---|---|---|
r-devel-linux-x86_64-debian-clang | 1.1.0 | 8.82 | 81.58 | 90.40 | NOTE | |
r-devel-linux-x86_64-debian-gcc | 1.1.0 | 6.24 | 56.67 | 62.91 | NOTE | |
r-devel-linux-x86_64-fedora-clang | 1.1.0 | 151.14 | OK | |||
r-devel-linux-x86_64-fedora-gcc | 1.1.0 | 150.97 | OK | |||
r-devel-windows-x86_64 | 1.1.0 | 11.00 | 89.00 | 100.00 | OK | |
r-patched-linux-x86_64 | 1.1.0 | 9.30 | 78.25 | 87.55 | OK | |
r-release-linux-x86_64 | 1.1.0 | 8.57 | 80.15 | 88.72 | OK | |
r-release-macos-arm64 | 1.1.0 | 49.00 | OK | |||
r-release-macos-x86_64 | 1.1.0 | 86.00 | OK | |||
r-release-windows-x86_64 | 1.1.0 | 11.00 | 92.00 | 103.00 | OK | |
r-oldrel-macos-arm64 | 1.1.0 | 37.00 | OK | |||
r-oldrel-macos-x86_64 | 1.1.0 | 62.00 | OK | |||
r-oldrel-windows-x86_64 | 1.1.0 | 13.00 | 114.00 | 127.00 | OK |
Version: 1.1.0
Check: CRAN incoming feasibility
Result: NOTE
Maintainer: ‘Jorge Sicacha-Parada <jasicachap@unal.edu.co>’
No Authors@R field in DESCRIPTION.
Please add one, modifying
Authors@R: c(person(given = "Jorge",
family = "Sicacha-Parada",
role = c("aut", "cre"),
email = "jasicachap@unal.edu.co"),
person(given = "Edilberto",
family = "Cepeda-Cuervo",
role = "aut"))
as necessary.
Flavors: r-devel-linux-x86_64-debian-clang, r-devel-linux-x86_64-debian-gcc