Last updated on 2025-05-07 05:50:24 CEST.
Flavor | Version | Tinstall | Tcheck | Ttotal | Status | Flags |
---|---|---|---|---|---|---|
r-devel-linux-x86_64-debian-clang | 0.1.3 | 7.11 | 86.28 | 93.39 | NOTE | |
r-devel-linux-x86_64-debian-gcc | 0.1.3 | 6.09 | 66.77 | 72.86 | NOTE | |
r-devel-linux-x86_64-fedora-clang | 0.1.3 | 147.10 | OK | |||
r-devel-linux-x86_64-fedora-gcc | 0.1.3 | 142.49 | OK | |||
r-devel-windows-x86_64 | 0.1.3 | 9.00 | 97.00 | 106.00 | OK | |
r-patched-linux-x86_64 | 0.1.3 | 7.77 | 85.86 | 93.63 | OK | |
r-release-linux-x86_64 | 0.1.3 | 7.93 | 86.38 | 94.31 | OK | |
r-release-macos-arm64 | 0.1.3 | 62.00 | OK | |||
r-release-macos-x86_64 | 0.1.3 | 106.00 | OK | |||
r-release-windows-x86_64 | 0.1.3 | 9.00 | 98.00 | 107.00 | OK | |
r-oldrel-macos-arm64 | 0.1.3 | 52.00 | OK | |||
r-oldrel-macos-x86_64 | 0.1.3 | 76.00 | OK | |||
r-oldrel-windows-x86_64 | 0.1.3 | 11.00 | 120.00 | 131.00 | OK |
Version: 0.1.3
Check: CRAN incoming feasibility
Result: NOTE
Maintainer: ‘Simon Zimmermann <zimmersi@hu-berlin.de>’
No Authors@R field in DESCRIPTION.
Please add one, modifying
Authors@R: person(given = "Simon",
family = "Zimmermann",
role = c("aut", "cre"),
email = "zimmersi@hu-berlin.de")
as necessary.
Flavors: r-devel-linux-x86_64-debian-clang, r-devel-linux-x86_64-debian-gcc